2)/(-2580)) is divided by 52/2*w/(-6)?
11
Let l = -523 + 463. Let n = l + 63. Calculate the remainder when 15 is divided by n.
0
Let v be 14*(8 + -2 - 3). Suppose -2*u = 16 - v. Calculate the remainder when 63 is divided by u.
11
Let b(j) = -2*j**2 - 19*j + 11. Suppose -2*a + 17 - 37 = 0. Let w be b(a). What is the remainder when 84 is divided by w - -46*1 - (1 + 1)?
39
Let g be -9*(16/12*-3 + 3). What is the remainder when 104/3 - (-1)/3 is divided by -1 - -7 - (3 - g)?
11
Suppose 0 = -35*w + 39*w - 44. Suppose s - 14*c - 17 = -w*c, 2*s + c = -1. Calculate the remainder when 5 is divided by s.
1
Suppose 4*z + 288 + 198 = 5*t, 4*t + 3*z = 364. Let g(u) = 24*u + 2. Let y = 74 + -72. What is the remainder when t is divided by g(y)?
44
Let r = 94 + -90. Let a(n) = 41*n**3 - 2*n**2 + 1. What is the remainder when (-10)/r*(-8658)/185 is divided by a(1)?
37
Suppose 75*l - 345*l = -13500. Calculate the remainder when 922 is divided by l.
22
Let q(g) = 73*g + 101. What is the remainder when 5149 is divided by q(0)?
99
Let m(b) = b**3 - 11*b**2 + 2*b - 1. Let f be m(11). Suppose f + 3 = 3*l. What is the remainder when 45 is divided by l?
5
What is the remainder when 1496 is divided by -3*(-9 - 1274/39)?
121
Let k = -64 + 108. Let y(l) be the first derivative of 7*l**2 - 102*l - 65. What is the remainder when k is divided by y(9)?
20
Let x(q) = -48*q**3 - 6*q**2 - 3*q - 3. What is the remainder when x(-1) is divided by 17?
8
Let d = -44 + 74. Let t = 810 - 56. Suppose -v = -14*v + t. Calculate the remainder when v is divided by d.
28
Suppose 3*f = 15, 6*f - 3*f - 1459 = -4*j. Let c = j - 321. Calculate the remainder when c is divided by 16.
8
Suppose 5*t - 691 = -2891. Let w = t - -631. Calculate the remainder when w is divided by 15.
11
Let y be (9 + 5)*(-1)/(-2). Suppose 10*i - 9*i - 73 = -3*b, -4*i - y = -b. Calculate the remainder when 35 is divided by b.
12
Let h = 582 + -369. Let f = 231 - h. Calculate the remainder when 32 is divided by f.
14
Suppose -44*a + 22560 + 9076 = 0. Let d = -677 + a. Calculate the remainder when 118 is divided by d.
34
Let a be 104 - (9 + -8 + 5). What is the remainder when 145 is divided by 28/a + 206/14?
10
Suppose 22*l + 29835 = 42*l + 97*l. Calculate the remainder when l is divided by 30.
15
Suppose -s + 2*g + 3 = 0, s - 6 = 5*g - 0. Suppose 4*w = 92 + 32. Calculate the remainder when (-19 - s)/(6/(-18)) is divided by w.
29
Let z = -16 - -26. Let w = 36 + z. Let k = 13983 - 13961. Calculate the remainder when w is divided by k.
2
Let w = -994 - -1083. Calculate the remainder when w is divided by (-114)/(-4) + (-155)/62.
11
Suppose -5544 = -102*m + 13326. What is the remainder when 590 is divided by m?
35
Let a(h) = 0*h**2 - h**3 + 3 - 4 + h**2 + 8. Let i be a(0). Suppose i*w - 5*w - 20 = 0. Calculate the remainder when 19 is divided by w.
9
Calculate the remainder when 4 + (-11662)/(-11) + 6/(-33) is divided by 19.
0
Let c(d) = 105*d - 24. Calculate the remainder when c(6) is divided by 29.
26
Let d be (-10498)/145 - 2/(-5). Calculate the remainder when 334 is divided by (d/10)/(177/(-590)).
22
Let n(c) = -591*c - 219. Calculate the remainder when n(-8) is divided by 94.
91
What is the remainder when 45 is divided by (7/21 + (-82)/12)/(13/(-52))?
19
Let m(s) = -22*s - 61. Let v be m(-3). Suppose 6*i - 5*p - 833 = 3*i, v*i = 2*p + 1363. Calculate the remainder when i is divided by 69.
64
Suppose 2*a = -2887 + 3357. What is the remainder when a is divided by 41?
30
Suppose 3*z = 3*d - 8 - 7, 4*d + 2*z + 4 = 0. Suppose 5*x = 2*i + 881, -i - 2*x + 276 - 703 = 0. Let h = -432 - i. What is the remainder when d is divided by h?
0
Let a(w) = -2*w**2 + 99*w - 937. Calculate the remainder when 2603 is divided by a(13).
11
Let n(v) = 50*v + 281 + 70*v - 114*v. Calculate the remainder when 747 is divided by n(-44).
16
Let l(i) = 4*i**2 - 2*i + 1. Let o = 6 + -9. Let r be l(o). Let m = r - 37. Calculate the remainder when 11 is divided by m.
5
Let o be (16/(-10))/(14/(-4830)). Calculate the remainder when ((-14)/(-4))/(12/o) is divided by (3/4)/(1 + 140/(-144)).
26
Let a = -976 - -991. Calculate the remainder when 2159 is divided by a.
14
Calculate the remainder when ((-927)/(-206))/(2/((-2152)/(-6))) is divided by 18.
15
Suppose 0*i - 2*i + 689 = -5*j, j + 1734 = 5*i. Suppose -138 = -3*a - 58*q + 54*q, 2*a - 2*q - 106 = 0. Calculate the remainder when i is divided by a.
47
Suppose 1914 + 218 = 3*n + 38. Calculate the remainder when n is divided by 10.
8
Let b(z) = 3*z**2 + 74*z + 419. What is the remainder when b(-5) is divided by (4/3)/(4/138)?
32
Suppose 23*l - 10*l - 86157 = -14*l. What is the remainder when l is divided by 8?
7
Suppose 3*p + 2*g - 12 = 0, g = p - 2 - 2. Let x be 1/1*p + 79. Let t = x - 58. Calculate the remainder when 47 is divided by t.
22
Suppose -72*t + 60*t = -684. Calculate the remainder when 158 is divided by t.
44
Let c(w) = -6*w**2 + 23*w + 61. Let u(b) = -b**2 + 2*b. Let z(f) = -c(f) + 5*u(f). Calculate the remainder when 141 is divided by z(-5).
25
What is the remainder when -8*(24990/(-56))/21 is divided by 93?
77
What is the remainder when (-4)/26 + 2775/39 is divided by 23 + (((-8)/44)/(-1) - (-30)/(-165))?
2
Let z(d) = d**2 + 5*d - 8. Let y be z(-7). Suppose -4*h = 2*t - y*t - 180, 2*t = -2*h + 94. Calculate the remainder when 182 is divided by h.
44
Let l(d) = 103*d**2 + 32*d - 33*d - 99*d**2 + 36 - 92*d. Calculate the remainder when l(24) is divided by 32.
12
Suppose -3*j + 5*l = j - 405, -540 = -5*j - 5*l. Suppose -j = -8*c - 7*c. What is the remainder when 34 is divided by c?
6
Suppose u = y + 5*u + 72, 4*y + 2*u + 330 = 0. Let i = y + 81. What is the remainder when 81 + ((-4)/4 - i) is divided by 21?
20
What is the remainder when (-44)/(-4)*658/154 is divided by 24?
23
Let i(y) = 5*y + 0*y**2 + 6*y + 2*y**2 - 10 - 7*y. Let c be i(-6). Suppose -j + c = 3. What is the remainder when j is divided by 12?
11
Let y(b) = -b + 17. Suppose 0 = 2*w - 4, 4*u + w = -4*w + 70. Let i be y(u). Calculate the remainder when 374/6 + 14/(-6) + i is divided by 16.
14
Let m(h) = 220*h + 118. What is the remainder when 194 is divided by m(0)?
76
Let u = 30 - 15. Suppose 0 = -3*m - 5*t - 115 + 303, t = -4*m + 279. What is the remainder when m is divided by u?
11
Suppose -4*v + 123 = 3*t, -5*t - 32 = -v - 6*t. Let h = 4 + -4. Suppose -6*w + 2*w + 40 = h. What is the remainder when v is divided by w?
7
Let o(w) = -w**2 + 3*w + 74. Let z = -22 - -36. What is the remainder when z is divided by o(10)?
2
Let q(b) = -3*b - 21. Let d be q(-12). Let j = d + -16. Let m(i) = 4*i**2 - 4*i - 5. Calculate the remainder when 16 is divided by m(j).
1
Let z(b) = -33*b - 1684. What is the remainder when 1263 is divided by z(-52)?
15
Suppose 70*f - 8 = 66*f. Suppose -f*g = 5*c - 62, 155 = 5*g - 4*c - 66. Calculate the remainder when 323 is divided by g.
36
Suppose 30*m = 37*m - 126. Let y = 187 - 180. Calculate the remainder when m is divided by y.
4
Suppose 5*k = -5*x, x + k - 8 = 4*k. Suppose x*t + 736 = 10*t. Let p = -67 + t. What is the remainder when p is divided by 6?
1
Suppose -18*r + 4*r = 9*r - 42297. Calculate the remainder when r is divided by 80.
79
Suppose 200*f = -278*f + 43020. What is the remainder when 128 is divided by f?
38
Let d(x) = -x**2 - 14*x + 123. Let g be d(-31). Let z = g + 690. Calculate the remainder when z is divided by 72.
70
Suppose 5*r - 5 = 0, -7*r = y - 2*r + 930. Let t = y - -1149. Calculate the remainder when t is divided by 44.
38
Suppose 3*s - 2417 = -5*f + 4443, -2*s - 11*f + 4604 = 0. What is the remainder when s is divided by 209?
190
Suppose -97*b = -80*b - 969. Suppose -b = -c - 17. What is the remainder when c is divided by 33?
7
Suppose 6*j = 21 + 9. Let k(b) = 2*b**2 - 3*b - 6. Calculate the remainder when 68 is divided by k(j).
10
Let a = -6960 - -7426. What is the remainder when a is divided by 80?
66
Suppose -16*b + 17500 + 20644 = 0. What is the remainder when b is divided by 15?
14
Suppose 18*b - 30 = -12. Calculate the remainder when 322 is divided by b.
0
Let z(d) = -d + 10. Suppose 25*i = -162 + 1637. Calculate the remainder when i is divided by z(-5).
14
Suppose 0 = 14039*r - 14015*r - 74880. What is the remainder when r is divided by 125?
120
Let n = -87 + 92. Suppose